{"id":17,"date":"2023-12-01T12:41:10","date_gmt":"2023-12-01T12:41:10","guid":{"rendered":"https:\/\/web4.rkinformatika.net\/mundovending\/?page_id=17"},"modified":"2024-01-05T10:07:57","modified_gmt":"2024-01-05T10:07:57","slug":"servicios","status":"publish","type":"page","link":"https:\/\/mundovending.eu\/eus\/servicios\/","title":{"rendered":"Zerbitzuak"},"content":{"rendered":"\t\t<div data-elementor-type=\"wp-page\" data-elementor-id=\"17\" class=\"elementor elementor-17\" data-elementor-post-type=\"page\">\n\t\t\t\t\t\t<section class=\"elementor-section elementor-top-section elementor-element elementor-element-79ae1fbc elementor-section-boxed elementor-section-height-default elementor-section-height-default\" data-id=\"79ae1fbc\" data-element_type=\"section\" data-e-type=\"section\" data-settings=\"{&quot;background_background&quot;:&quot;slideshow&quot;,&quot;background_slideshow_gallery&quot;:[{&quot;id&quot;:454,&quot;url&quot;:&quot;https:\\\/\\\/mundovending.eu\\\/wp-content\\\/uploads\\\/2023\\\/12\\\/cup-of-coffee.jpg&quot;},{&quot;id&quot;:468,&quot;url&quot;:&quot;https:\\\/\\\/mundovending.eu\\\/wp-content\\\/uploads\\\/2023\\\/12\\\/coffee-cup-and-coffee-beans.jpg&quot;}],&quot;background_slideshow_ken_burns&quot;:&quot;yes&quot;,&quot;shape_divider_top&quot;:&quot;wave-brush&quot;,&quot;shape_divider_bottom&quot;:&quot;wave-brush&quot;,&quot;background_slideshow_loop&quot;:&quot;yes&quot;,&quot;background_slideshow_slide_duration&quot;:5000,&quot;background_slideshow_slide_transition&quot;:&quot;fade&quot;,&quot;background_slideshow_transition_duration&quot;:500,&quot;background_slideshow_ken_burns_zoom_direction&quot;:&quot;in&quot;,&quot;mdp_selection_sticky_effect_enable&quot;:false}\">\n\t\t\t\t\t\t\t<div class=\"elementor-background-overlay\"><\/div>\n\t\t\t\t\t\t<div class=\"elementor-shape elementor-shape-top\" aria-hidden=\"true\" data-negative=\"false\">\n\t\t\t<svg xmlns=\"http:\/\/www.w3.org\/2000\/svg\" viewBox=\"0 0 283.5 27.8\" preserveAspectRatio=\"none\">\n\t<path class=\"elementor-shape-fill\" d=\"M283.5,9.7c0,0-7.3,4.3-14,4.6c-6.8,0.3-12.6,0-20.9-1.5c-11.3-2-33.1-10.1-44.7-5.7\ts-12.1,4.6-18,7.4c-6.6,3.2-20,9.6-36.6,9.3C131.6,23.5,99.5,7.2,86.3,8c-1.4,0.1-6.6,0.8-10.5,2c-3.8,1.2-9.4,3.8-17,4.7\tc-3.2,0.4-8.3,1.1-14.2,0.9c-1.5-0.1-6.3-0.4-12-1.6c-5.7-1.2-11-3.1-15.8-3.7C6.5,9.2,0,10.8,0,10.8V0h283.5V9.7z M260.8,11.3\tc-0.7-1-2-0.4-4.3-0.4c-2.3,0-6.1-1.2-5.8-1.1c0.3,0.1,3.1,1.5,6,1.9C259.7,12.2,261.4,12.3,260.8,11.3z M242.4,8.6\tc0,0-2.4-0.2-5.6-0.9c-3.2-0.8-10.3-2.8-15.1-3.5c-8.2-1.1-15.8,0-15.1,0.1c0.8,0.1,9.6-0.6,17.6,1.1c3.3,0.7,9.3,2.2,12.4,2.7\tC239.9,8.7,242.4,8.6,242.4,8.6z M185.2,8.5c1.7-0.7-13.3,4.7-18.5,6.1c-2.1,0.6-6.2,1.6-10,2c-3.9,0.4-8.9,0.4-8.8,0.5\tc0,0.2,5.8,0.8,11.2,0c5.4-0.8,5.2-1.1,7.6-1.6C170.5,14.7,183.5,9.2,185.2,8.5z M199.1,6.9c0.2,0-0.8-0.4-4.8,1.1\tc-4,1.5-6.7,3.5-6.9,3.7c-0.2,0.1,3.5-1.8,6.6-3C197,7.5,199,6.9,199.1,6.9z M283,6c-0.1,0.1-1.9,1.1-4.8,2.5s-6.9,2.8-6.7,2.7\tc0.2,0,3.5-0.6,7.4-2.5C282.8,6.8,283.1,5.9,283,6z M31.3,11.6c0.1-0.2-1.9-0.2-4.5-1.2s-5.4-1.6-7.8-2C15,7.6,7.3,8.5,7.7,8.6\tC8,8.7,15.9,8.3,20.2,9.3c2.2,0.5,2.4,0.5,5.7,1.6S31.2,11.9,31.3,11.6z M73,9.2c0.4-0.1,3.5-1.6,8.4-2.6c4.9-1.1,8.9-0.5,8.9-0.8\tc0-0.3-1-0.9-6.2-0.3S72.6,9.3,73,9.2z M71.6,6.7C71.8,6.8,75,5.4,77.3,5c2.3-0.3,1.9-0.5,1.9-0.6c0-0.1-1.1-0.2-2.7,0.2\tC74.8,5.1,71.4,6.6,71.6,6.7z M93.6,4.4c0.1,0.2,3.5,0.8,5.6,1.8c2.1,1,1.8,0.6,1.9,0.5c0.1-0.1-0.8-0.8-2.4-1.3\tC97.1,4.8,93.5,4.2,93.6,4.4z M65.4,11.1c-0.1,0.3,0.3,0.5,1.9-0.2s2.6-1.3,2.2-1.2s-0.9,0.4-2.5,0.8C65.3,10.9,65.5,10.8,65.4,11.1\tz M34.5,12.4c-0.2,0,2.1,0.8,3.3,0.9c1.2,0.1,2,0.1,2-0.2c0-0.3-0.1-0.5-1.6-0.4C36.6,12.8,34.7,12.4,34.5,12.4z M152.2,21.1\tc-0.1,0.1-2.4-0.3-7.5-0.3c-5,0-13.6-2.4-17.2-3.5c-3.6-1.1,10,3.9,16.5,4.1C150.5,21.6,152.3,21,152.2,21.1z\"\/>\n\t<path class=\"elementor-shape-fill\" d=\"M269.6,18c-0.1-0.1-4.6,0.3-7.2,0c-7.3-0.7-17-3.2-16.6-2.9c0.4,0.3,13.7,3.1,17,3.3\tC267.7,18.8,269.7,18,269.6,18z\"\/>\n\t<path class=\"elementor-shape-fill\" d=\"M227.4,9.8c-0.2-0.1-4.5-1-9.5-1.2c-5-0.2-12.7,0.6-12.3,0.5c0.3-0.1,5.9-1.8,13.3-1.2\tS227.6,9.9,227.4,9.8z\"\/>\n\t<path class=\"elementor-shape-fill\" d=\"M204.5,13.4c-0.1-0.1,2-1,3.2-1.1c1.2-0.1,2,0,2,0.3c0,0.3-0.1,0.5-1.6,0.4\tC206.4,12.9,204.6,13.5,204.5,13.4z\"\/>\n\t<path class=\"elementor-shape-fill\" d=\"M201,10.6c0-0.1-4.4,1.2-6.3,2.2c-1.9,0.9-6.2,3.1-6.1,3.1c0.1,0.1,4.2-1.6,6.3-2.6\tS201,10.7,201,10.6z\"\/>\n\t<path class=\"elementor-shape-fill\" d=\"M154.5,26.7c-0.1-0.1-4.6,0.3-7.2,0c-7.3-0.7-17-3.2-16.6-2.9c0.4,0.3,13.7,3.1,17,3.3\tC152.6,27.5,154.6,26.8,154.5,26.7z\"\/>\n\t<path class=\"elementor-shape-fill\" d=\"M41.9,19.3c0,0,1.2-0.3,2.9-0.1c1.7,0.2,5.8,0.9,8.2,0.7c4.2-0.4,7.4-2.7,7-2.6\tc-0.4,0-4.3,2.2-8.6,1.9c-1.8-0.1-5.1-0.5-6.7-0.4S41.9,19.3,41.9,19.3z\"\/>\n\t<path class=\"elementor-shape-fill\" d=\"M75.5,12.6c0.2,0.1,2-0.8,4.3-1.1c2.3-0.2,2.1-0.3,2.1-0.5c0-0.1-1.8-0.4-3.4,0\tC76.9,11.5,75.3,12.5,75.5,12.6z\"\/>\n\t<path class=\"elementor-shape-fill\" d=\"M15.6,13.2c0-0.1,4.3,0,6.7,0.5c2.4,0.5,5,1.9,5,2c0,0.1-2.7-0.8-5.1-1.4\tC19.9,13.7,15.7,13.3,15.6,13.2z\"\/>\n<\/svg>\t\t<\/div>\n\t\t\t\t<div class=\"elementor-shape elementor-shape-bottom\" aria-hidden=\"true\" data-negative=\"false\">\n\t\t\t<svg xmlns=\"http:\/\/www.w3.org\/2000\/svg\" viewBox=\"0 0 283.5 27.8\" preserveAspectRatio=\"none\">\n\t<path class=\"elementor-shape-fill\" d=\"M283.5,9.7c0,0-7.3,4.3-14,4.6c-6.8,0.3-12.6,0-20.9-1.5c-11.3-2-33.1-10.1-44.7-5.7\ts-12.1,4.6-18,7.4c-6.6,3.2-20,9.6-36.6,9.3C131.6,23.5,99.5,7.2,86.3,8c-1.4,0.1-6.6,0.8-10.5,2c-3.8,1.2-9.4,3.8-17,4.7\tc-3.2,0.4-8.3,1.1-14.2,0.9c-1.5-0.1-6.3-0.4-12-1.6c-5.7-1.2-11-3.1-15.8-3.7C6.5,9.2,0,10.8,0,10.8V0h283.5V9.7z M260.8,11.3\tc-0.7-1-2-0.4-4.3-0.4c-2.3,0-6.1-1.2-5.8-1.1c0.3,0.1,3.1,1.5,6,1.9C259.7,12.2,261.4,12.3,260.8,11.3z M242.4,8.6\tc0,0-2.4-0.2-5.6-0.9c-3.2-0.8-10.3-2.8-15.1-3.5c-8.2-1.1-15.8,0-15.1,0.1c0.8,0.1,9.6-0.6,17.6,1.1c3.3,0.7,9.3,2.2,12.4,2.7\tC239.9,8.7,242.4,8.6,242.4,8.6z M185.2,8.5c1.7-0.7-13.3,4.7-18.5,6.1c-2.1,0.6-6.2,1.6-10,2c-3.9,0.4-8.9,0.4-8.8,0.5\tc0,0.2,5.8,0.8,11.2,0c5.4-0.8,5.2-1.1,7.6-1.6C170.5,14.7,183.5,9.2,185.2,8.5z M199.1,6.9c0.2,0-0.8-0.4-4.8,1.1\tc-4,1.5-6.7,3.5-6.9,3.7c-0.2,0.1,3.5-1.8,6.6-3C197,7.5,199,6.9,199.1,6.9z M283,6c-0.1,0.1-1.9,1.1-4.8,2.5s-6.9,2.8-6.7,2.7\tc0.2,0,3.5-0.6,7.4-2.5C282.8,6.8,283.1,5.9,283,6z M31.3,11.6c0.1-0.2-1.9-0.2-4.5-1.2s-5.4-1.6-7.8-2C15,7.6,7.3,8.5,7.7,8.6\tC8,8.7,15.9,8.3,20.2,9.3c2.2,0.5,2.4,0.5,5.7,1.6S31.2,11.9,31.3,11.6z M73,9.2c0.4-0.1,3.5-1.6,8.4-2.6c4.9-1.1,8.9-0.5,8.9-0.8\tc0-0.3-1-0.9-6.2-0.3S72.6,9.3,73,9.2z M71.6,6.7C71.8,6.8,75,5.4,77.3,5c2.3-0.3,1.9-0.5,1.9-0.6c0-0.1-1.1-0.2-2.7,0.2\tC74.8,5.1,71.4,6.6,71.6,6.7z M93.6,4.4c0.1,0.2,3.5,0.8,5.6,1.8c2.1,1,1.8,0.6,1.9,0.5c0.1-0.1-0.8-0.8-2.4-1.3\tC97.1,4.8,93.5,4.2,93.6,4.4z M65.4,11.1c-0.1,0.3,0.3,0.5,1.9-0.2s2.6-1.3,2.2-1.2s-0.9,0.4-2.5,0.8C65.3,10.9,65.5,10.8,65.4,11.1\tz M34.5,12.4c-0.2,0,2.1,0.8,3.3,0.9c1.2,0.1,2,0.1,2-0.2c0-0.3-0.1-0.5-1.6-0.4C36.6,12.8,34.7,12.4,34.5,12.4z M152.2,21.1\tc-0.1,0.1-2.4-0.3-7.5-0.3c-5,0-13.6-2.4-17.2-3.5c-3.6-1.1,10,3.9,16.5,4.1C150.5,21.6,152.3,21,152.2,21.1z\"\/>\n\t<path class=\"elementor-shape-fill\" d=\"M269.6,18c-0.1-0.1-4.6,0.3-7.2,0c-7.3-0.7-17-3.2-16.6-2.9c0.4,0.3,13.7,3.1,17,3.3\tC267.7,18.8,269.7,18,269.6,18z\"\/>\n\t<path class=\"elementor-shape-fill\" d=\"M227.4,9.8c-0.2-0.1-4.5-1-9.5-1.2c-5-0.2-12.7,0.6-12.3,0.5c0.3-0.1,5.9-1.8,13.3-1.2\tS227.6,9.9,227.4,9.8z\"\/>\n\t<path class=\"elementor-shape-fill\" d=\"M204.5,13.4c-0.1-0.1,2-1,3.2-1.1c1.2-0.1,2,0,2,0.3c0,0.3-0.1,0.5-1.6,0.4\tC206.4,12.9,204.6,13.5,204.5,13.4z\"\/>\n\t<path class=\"elementor-shape-fill\" d=\"M201,10.6c0-0.1-4.4,1.2-6.3,2.2c-1.9,0.9-6.2,3.1-6.1,3.1c0.1,0.1,4.2-1.6,6.3-2.6\tS201,10.7,201,10.6z\"\/>\n\t<path class=\"elementor-shape-fill\" d=\"M154.5,26.7c-0.1-0.1-4.6,0.3-7.2,0c-7.3-0.7-17-3.2-16.6-2.9c0.4,0.3,13.7,3.1,17,3.3\tC152.6,27.5,154.6,26.8,154.5,26.7z\"\/>\n\t<path class=\"elementor-shape-fill\" d=\"M41.9,19.3c0,0,1.2-0.3,2.9-0.1c1.7,0.2,5.8,0.9,8.2,0.7c4.2-0.4,7.4-2.7,7-2.6\tc-0.4,0-4.3,2.2-8.6,1.9c-1.8-0.1-5.1-0.5-6.7-0.4S41.9,19.3,41.9,19.3z\"\/>\n\t<path class=\"elementor-shape-fill\" d=\"M75.5,12.6c0.2,0.1,2-0.8,4.3-1.1c2.3-0.2,2.1-0.3,2.1-0.5c0-0.1-1.8-0.4-3.4,0\tC76.9,11.5,75.3,12.5,75.5,12.6z\"\/>\n\t<path class=\"elementor-shape-fill\" d=\"M15.6,13.2c0-0.1,4.3,0,6.7,0.5c2.4,0.5,5,1.9,5,2c0,0.1-2.7-0.8-5.1-1.4\tC19.9,13.7,15.7,13.3,15.6,13.2z\"\/>\n<\/svg>\t\t<\/div>\n\t\t\t\t\t<div class=\"elementor-container elementor-column-gap-default\">\n\t\t\t\t\t<div class=\"elementor-column elementor-col-100 elementor-top-column elementor-element elementor-element-176f092a\" data-id=\"176f092a\" data-element_type=\"column\" data-e-type=\"column\" data-settings=\"{&quot;mdp_selection_sticky_column_effect_enable&quot;:false}\">\n\t\t\t<div class=\"elementor-widget-wrap\">\n\t\t\t\t\t\t\t<\/div>\n\t\t<\/div>\n\t\t\t\t\t<\/div>\n\t\t<\/section>\n\t\t\t\t<section class=\"elementor-section elementor-top-section elementor-element elementor-element-28a0b52a elementor-section-boxed elementor-section-height-default elementor-section-height-default\" data-id=\"28a0b52a\" data-element_type=\"section\" data-e-type=\"section\" data-settings=\"{&quot;mdp_selection_sticky_effect_enable&quot;:false}\">\n\t\t\t\t\t\t<div class=\"elementor-container elementor-column-gap-default\">\n\t\t\t\t\t<div class=\"elementor-column elementor-col-33 elementor-top-column elementor-element elementor-element-74f4aee1\" data-id=\"74f4aee1\" data-element_type=\"column\" data-e-type=\"column\" data-settings=\"{&quot;mdp_selection_sticky_column_effect_enable&quot;:false}\">\n\t\t\t<div class=\"elementor-widget-wrap elementor-element-populated\">\n\t\t\t\t\t\t<div class=\"elementor-element elementor-element-652f459c elementor-widget__width-initial elementor-absolute elementor-widget-mobile__width-initial elementor-widget elementor-widget-image\" data-id=\"652f459c\" data-element_type=\"widget\" data-e-type=\"widget\" data-settings=\"{&quot;_position&quot;:&quot;absolute&quot;}\" data-widget_type=\"image.default\">\n\t\t\t\t<div class=\"elementor-widget-container\">\n\t\t\t\t\t\t\t\t\t\t\t\t\t\t\t<img fetchpriority=\"high\" decoding=\"async\" width=\"300\" height=\"300\" src=\"https:\/\/mundovending.eu\/wp-content\/uploads\/2023\/12\/coffee-cup-on-white-background--300x300.jpg\" class=\"attachment-medium size-medium wp-image-1024\" alt=\"Coffee cup on white background.\" srcset=\"https:\/\/mundovending.eu\/wp-content\/uploads\/2023\/12\/coffee-cup-on-white-background--300x300.jpg 300w, https:\/\/mundovending.eu\/wp-content\/uploads\/2023\/12\/coffee-cup-on-white-background--1024x1024.jpg 1024w, https:\/\/mundovending.eu\/wp-content\/uploads\/2023\/12\/coffee-cup-on-white-background--150x150.jpg 150w, https:\/\/mundovending.eu\/wp-content\/uploads\/2023\/12\/coffee-cup-on-white-background--768x768.jpg 768w, https:\/\/mundovending.eu\/wp-content\/uploads\/2023\/12\/coffee-cup-on-white-background--1536x1536.jpg 1536w, https:\/\/mundovending.eu\/wp-content\/uploads\/2023\/12\/coffee-cup-on-white-background--12x12.jpg 12w, https:\/\/mundovending.eu\/wp-content\/uploads\/2023\/12\/coffee-cup-on-white-background-.jpg 2000w\" sizes=\"(max-width: 300px) 100vw, 300px\" \/>\t\t\t\t\t\t\t\t\t\t\t\t\t\t\t<\/div>\n\t\t\t\t<\/div>\n\t\t\t\t\t<\/div>\n\t\t<\/div>\n\t\t\t\t<div class=\"elementor-column elementor-col-66 elementor-top-column elementor-element elementor-element-71d88023\" data-id=\"71d88023\" data-element_type=\"column\" data-e-type=\"column\" data-settings=\"{&quot;mdp_selection_sticky_column_effect_enable&quot;:false}\">\n\t\t\t<div class=\"elementor-widget-wrap elementor-element-populated\">\n\t\t\t\t\t\t<div class=\"elementor-element elementor-element-67a8699b elementor-widget__width-auto elementor-hidden-phone elementor-widget-divider--view-line elementor-widget elementor-widget-divider\" data-id=\"67a8699b\" data-element_type=\"widget\" data-e-type=\"widget\" data-widget_type=\"divider.default\">\n\t\t\t\t<div class=\"elementor-widget-container\">\n\t\t\t\t\t\t\t<div class=\"elementor-divider\">\n\t\t\t<span class=\"elementor-divider-separator\">\n\t\t\t\t\t\t<\/span>\n\t\t<\/div>\n\t\t\t\t\t\t<\/div>\n\t\t\t\t<\/div>\n\t\t\t\t<div class=\"elementor-element elementor-element-30a144a7 elementor-widget__width-initial elementor-widget elementor-widget-heading\" data-id=\"30a144a7\" data-element_type=\"widget\" data-e-type=\"widget\" data-widget_type=\"heading.default\">\n\t\t\t\t<div class=\"elementor-widget-container\">\n\t\t\t\t\t<h2 class=\"elementor-heading-title elementor-size-default\">Nos dedicamos a su empresa.<\/h2>\t\t\t\t<\/div>\n\t\t\t\t<\/div>\n\t\t\t\t<div class=\"elementor-element elementor-element-7f7d158a elementor-widget elementor-widget-text-editor\" data-id=\"7f7d158a\" data-element_type=\"widget\" data-e-type=\"widget\" data-widget_type=\"text-editor.default\">\n\t\t\t\t<div class=\"elementor-widget-container\">\n\t\t\t\t\t\t\t\t\t<p align=\"justify\"><span style=\"font-family: Times New Roman, serif;\"><span style=\"font-size: medium;\"><span style=\"color: #333333;\"><span style=\"font-family: Segoe UI, serif;\"><span style=\"font-size: large;\"><b>Movilidad<\/b><\/span><\/span><\/span><span style=\"color: #333333;\"><span style=\"font-family: Segoe UI, serif;\"><span style=\"font-size: large;\">: Instalamos\u00a0<\/span><\/span><\/span><span style=\"color: #333333;\"><span style=\"font-family: Segoe UI, serif;\"><span style=\"font-size: large;\">m\u00e1quinas de vending<\/span><\/span><\/span><span style=\"color: #333333;\"><span style=\"font-family: Segoe UI, serif;\"><span style=\"font-size: large;\">\u00a0en todo tipo de empresas, f\u00e1bricas de todo tipo, oficinas, Colegios e institutos, gimnasios, estaciones de trenes o aeropuertos\u2026 en cualquier lugar que tenga esa necesidad y desde cinco personas en adelante.<\/span><\/span><\/span><\/span><\/span><\/p><p align=\"justify\"><span style=\"font-family: Times New Roman, serif;\"><span style=\"font-size: medium;\"><span style=\"color: #333333;\"><span style=\"font-family: Segoe UI, serif;\"><span style=\"font-size: large;\"><b>Eficacia<\/b><\/span><\/span><\/span><span style=\"color: #333333;\"><span style=\"font-family: Segoe UI, serif;\"><span style=\"font-size: large;\">: Nos encargamos de la instalaci\u00f3n, la reposici\u00f3n, mantenimiento y limpieza de las m\u00e1quinas de vending ofreciendo un servicio y suministro integral de calidad a nuestros clientes.<\/span><\/span><\/span><\/span><\/span><\/p><p align=\"justify\"><span style=\"font-family: Times New Roman, serif;\"><span style=\"font-size: medium;\"><span style=\"color: #333333;\"><span style=\"font-family: Segoe UI, serif;\"><span style=\"font-size: large;\"><b>Profesionalidad<\/b><\/span><\/span><\/span><span style=\"color: #333333;\"><span style=\"font-family: Segoe UI, serif;\"><span style=\"font-size: large;\">: Personal experto y dedicado. Amable en el servicio al cliente, queremos ser un plus para tu empresa. <\/span><\/span><\/span><\/span><\/span><\/p><p align=\"justify\"><span style=\"font-family: Times New Roman, serif;\"><span style=\"font-size: medium;\"><span style=\"color: #333333;\"><span style=\"font-family: Segoe UI, serif;\"><span style=\"font-size: large;\">Trabajamos con<\/span><\/span><\/span><b><span style=\"color: #333333;\"><span style=\"font-family: Segoe UI, serif;\"><span style=\"font-size: large;\">\u00a0<\/span><\/span><\/span><\/b><span style=\"color: #333333;\"><span style=\"font-family: Segoe UI, serif;\"><span style=\"font-size: large;\">marcas l\u00edderes en calidad<\/span><\/span><\/span><span style=\"color: #333333;\"><span style=\"font-family: Segoe UI, serif;\"><span style=\"font-size: large;\">, tanto en maquinaria como en los productos que suministramos.<\/span><\/span><\/span><\/span><\/span><\/p>\t\t\t\t\t\t\t\t<\/div>\n\t\t\t\t<\/div>\n\t\t\t\t<div class=\"elementor-element elementor-element-4684f08 elementor-widget elementor-widget-image\" data-id=\"4684f08\" data-element_type=\"widget\" data-e-type=\"widget\" data-widget_type=\"image.default\">\n\t\t\t\t<div class=\"elementor-widget-container\">\n\t\t\t\t\t\t\t\t\t\t\t\t\t\t\t<img decoding=\"async\" width=\"600\" height=\"88\" src=\"https:\/\/mundovending.eu\/wp-content\/uploads\/2023\/12\/marcas-mundovending1.png\" class=\"attachment-large size-large wp-image-1004\" alt=\"\" srcset=\"https:\/\/mundovending.eu\/wp-content\/uploads\/2023\/12\/marcas-mundovending1.png 600w, https:\/\/mundovending.eu\/wp-content\/uploads\/2023\/12\/marcas-mundovending1-300x44.png 300w, https:\/\/mundovending.eu\/wp-content\/uploads\/2023\/12\/marcas-mundovending1-18x3.png 18w\" sizes=\"(max-width: 600px) 100vw, 600px\" \/>\t\t\t\t\t\t\t\t\t\t\t\t\t\t\t<\/div>\n\t\t\t\t<\/div>\n\t\t\t\t<div class=\"elementor-element elementor-element-dc7ef3e elementor-widget elementor-widget-heading\" data-id=\"dc7ef3e\" data-element_type=\"widget\" data-e-type=\"widget\" data-widget_type=\"heading.default\">\n\t\t\t\t<div class=\"elementor-widget-container\">\n\t\t\t\t\t<h2 class=\"elementor-heading-title elementor-size-default\">Nuestra meta diaria es satisfacer a nuestros clientes.<\/h2>\t\t\t\t<\/div>\n\t\t\t\t<\/div>\n\t\t\t\t\t<\/div>\n\t\t<\/div>\n\t\t\t\t\t<\/div>\n\t\t<\/section>\n\t\t\t\t<\/div>\n\t\t","protected":false},"excerpt":{"rendered":"<p>Nos dedicamos a su empresa. Movilidad: Instalamos\u00a0m\u00e1quinas de vending\u00a0en todo tipo de empresas, f\u00e1bricas de todo tipo, oficinas, Colegios e institutos, gimnasios, estaciones de trenes o aeropuertos\u2026 en cualquier lugar que tenga esa necesidad y desde cinco personas en adelante. Eficacia: Nos encargamos de la instalaci\u00f3n, la reposici\u00f3n, mantenimiento y limpieza de las m\u00e1quinas de [&hellip;]<\/p>\n","protected":false},"author":1,"featured_media":0,"parent":0,"menu_order":0,"comment_status":"closed","ping_status":"closed","template":"elementor_canvas","meta":{"footnotes":""},"class_list":["post-17","page","type-page","status-publish","hentry"],"yoast_head":"<!-- This site is optimized with the Yoast SEO plugin v27.5 - https:\/\/yoast.com\/product\/yoast-seo-wordpress\/ -->\n<title>Servicios - Mundo Vending<\/title>\n<meta name=\"robots\" content=\"index, follow, max-snippet:-1, max-image-preview:large, max-video-preview:-1\" \/>\n<link rel=\"canonical\" href=\"https:\/\/mundovending.eu\/eus\/servicios\/\" \/>\n<meta property=\"og:locale\" content=\"en_US\" \/>\n<meta property=\"og:type\" content=\"article\" \/>\n<meta property=\"og:title\" content=\"Servicios - Mundo Vending\" \/>\n<meta property=\"og:description\" content=\"Nos dedicamos a su empresa. Movilidad: Instalamos\u00a0m\u00e1quinas de vending\u00a0en todo tipo de empresas, f\u00e1bricas de todo tipo, oficinas, Colegios e institutos, gimnasios, estaciones de trenes o aeropuertos\u2026 en cualquier lugar que tenga esa necesidad y desde cinco personas en adelante. Eficacia: Nos encargamos de la instalaci\u00f3n, la reposici\u00f3n, mantenimiento y limpieza de las m\u00e1quinas de [&hellip;]\" \/>\n<meta property=\"og:url\" content=\"https:\/\/mundovending.eu\/eus\/servicios\/\" \/>\n<meta property=\"og:site_name\" content=\"Mundo Vending\" \/>\n<meta property=\"article:modified_time\" content=\"2024-01-05T10:07:57+00:00\" \/>\n<meta property=\"og:image\" content=\"https:\/\/mundovending.eu\/wp-content\/uploads\/2023\/12\/coffee-cup-on-white-background--300x300.jpg\" \/>\n<meta name=\"twitter:card\" content=\"summary_large_image\" \/>\n<meta name=\"twitter:label1\" content=\"Est. reading time\" \/>\n\t<meta name=\"twitter:data1\" content=\"1 minutua\" \/>\n<script type=\"application\/ld+json\" class=\"yoast-schema-graph\">{\"@context\":\"https:\\\/\\\/schema.org\",\"@graph\":[{\"@type\":\"WebPage\",\"@id\":\"https:\\\/\\\/mundovending.eu\\\/servicios\\\/\",\"url\":\"https:\\\/\\\/mundovending.eu\\\/servicios\\\/\",\"name\":\"Servicios - Mundo Vending\",\"isPartOf\":{\"@id\":\"https:\\\/\\\/mundovending.eu\\\/#website\"},\"primaryImageOfPage\":{\"@id\":\"https:\\\/\\\/mundovending.eu\\\/servicios\\\/#primaryimage\"},\"image\":{\"@id\":\"https:\\\/\\\/mundovending.eu\\\/servicios\\\/#primaryimage\"},\"thumbnailUrl\":\"https:\\\/\\\/mundovending.eu\\\/wp-content\\\/uploads\\\/2023\\\/12\\\/coffee-cup-on-white-background--300x300.jpg\",\"datePublished\":\"2023-12-01T12:41:10+00:00\",\"dateModified\":\"2024-01-05T10:07:57+00:00\",\"breadcrumb\":{\"@id\":\"https:\\\/\\\/mundovending.eu\\\/servicios\\\/#breadcrumb\"},\"inLanguage\":\"eu\",\"potentialAction\":[{\"@type\":\"ReadAction\",\"target\":[\"https:\\\/\\\/mundovending.eu\\\/servicios\\\/\"]}]},{\"@type\":\"ImageObject\",\"inLanguage\":\"eu\",\"@id\":\"https:\\\/\\\/mundovending.eu\\\/servicios\\\/#primaryimage\",\"url\":\"https:\\\/\\\/mundovending.eu\\\/wp-content\\\/uploads\\\/2023\\\/12\\\/coffee-cup-on-white-background--300x300.jpg\",\"contentUrl\":\"https:\\\/\\\/mundovending.eu\\\/wp-content\\\/uploads\\\/2023\\\/12\\\/coffee-cup-on-white-background--300x300.jpg\"},{\"@type\":\"BreadcrumbList\",\"@id\":\"https:\\\/\\\/mundovending.eu\\\/servicios\\\/#breadcrumb\",\"itemListElement\":[{\"@type\":\"ListItem\",\"position\":1,\"name\":\"Portada\",\"item\":\"https:\\\/\\\/mundovending.eu\\\/\"},{\"@type\":\"ListItem\",\"position\":2,\"name\":\"Servicios\"}]},{\"@type\":\"WebSite\",\"@id\":\"https:\\\/\\\/mundovending.eu\\\/#website\",\"url\":\"https:\\\/\\\/mundovending.eu\\\/\",\"name\":\"Mundo Vending\",\"description\":\"Instalaci\u00f3n de maquinas expendedoras autom\u00e1ticas\",\"publisher\":{\"@id\":\"https:\\\/\\\/mundovending.eu\\\/#organization\"},\"potentialAction\":[{\"@type\":\"SearchAction\",\"target\":{\"@type\":\"EntryPoint\",\"urlTemplate\":\"https:\\\/\\\/mundovending.eu\\\/?s={search_term_string}\"},\"query-input\":{\"@type\":\"PropertyValueSpecification\",\"valueRequired\":true,\"valueName\":\"search_term_string\"}}],\"inLanguage\":\"eu\"},{\"@type\":\"Organization\",\"@id\":\"https:\\\/\\\/mundovending.eu\\\/#organization\",\"name\":\"Mundo Vending\",\"url\":\"https:\\\/\\\/mundovending.eu\\\/\",\"logo\":{\"@type\":\"ImageObject\",\"inLanguage\":\"eu\",\"@id\":\"https:\\\/\\\/mundovending.eu\\\/#\\\/schema\\\/logo\\\/image\\\/\",\"url\":\"https:\\\/\\\/mundovending.eu\\\/wp-content\\\/uploads\\\/2023\\\/12\\\/cropped-Logotipo-mundo-SIVA.jpg\",\"contentUrl\":\"https:\\\/\\\/mundovending.eu\\\/wp-content\\\/uploads\\\/2023\\\/12\\\/cropped-Logotipo-mundo-SIVA.jpg\",\"width\":776,\"height\":329,\"caption\":\"Mundo Vending\"},\"image\":{\"@id\":\"https:\\\/\\\/mundovending.eu\\\/#\\\/schema\\\/logo\\\/image\\\/\"}}]}<\/script>\n<!-- \/ Yoast SEO plugin. -->","yoast_head_json":{"title":"Servicios - Mundo Vending","robots":{"index":"index","follow":"follow","max-snippet":"max-snippet:-1","max-image-preview":"max-image-preview:large","max-video-preview":"max-video-preview:-1"},"canonical":"https:\/\/mundovending.eu\/eus\/servicios\/","og_locale":"en_US","og_type":"article","og_title":"Servicios - Mundo Vending","og_description":"Nos dedicamos a su empresa. Movilidad: Instalamos\u00a0m\u00e1quinas de vending\u00a0en todo tipo de empresas, f\u00e1bricas de todo tipo, oficinas, Colegios e institutos, gimnasios, estaciones de trenes o aeropuertos\u2026 en cualquier lugar que tenga esa necesidad y desde cinco personas en adelante. Eficacia: Nos encargamos de la instalaci\u00f3n, la reposici\u00f3n, mantenimiento y limpieza de las m\u00e1quinas de [&hellip;]","og_url":"https:\/\/mundovending.eu\/eus\/servicios\/","og_site_name":"Mundo Vending","article_modified_time":"2024-01-05T10:07:57+00:00","og_image":[{"url":"https:\/\/mundovending.eu\/wp-content\/uploads\/2023\/12\/coffee-cup-on-white-background--300x300.jpg","type":"","width":"","height":""}],"twitter_card":"summary_large_image","twitter_misc":{"Est. reading time":"1 minutua"},"schema":{"@context":"https:\/\/schema.org","@graph":[{"@type":"WebPage","@id":"https:\/\/mundovending.eu\/servicios\/","url":"https:\/\/mundovending.eu\/servicios\/","name":"Servicios - Mundo Vending","isPartOf":{"@id":"https:\/\/mundovending.eu\/#website"},"primaryImageOfPage":{"@id":"https:\/\/mundovending.eu\/servicios\/#primaryimage"},"image":{"@id":"https:\/\/mundovending.eu\/servicios\/#primaryimage"},"thumbnailUrl":"https:\/\/mundovending.eu\/wp-content\/uploads\/2023\/12\/coffee-cup-on-white-background--300x300.jpg","datePublished":"2023-12-01T12:41:10+00:00","dateModified":"2024-01-05T10:07:57+00:00","breadcrumb":{"@id":"https:\/\/mundovending.eu\/servicios\/#breadcrumb"},"inLanguage":"eu","potentialAction":[{"@type":"ReadAction","target":["https:\/\/mundovending.eu\/servicios\/"]}]},{"@type":"ImageObject","inLanguage":"eu","@id":"https:\/\/mundovending.eu\/servicios\/#primaryimage","url":"https:\/\/mundovending.eu\/wp-content\/uploads\/2023\/12\/coffee-cup-on-white-background--300x300.jpg","contentUrl":"https:\/\/mundovending.eu\/wp-content\/uploads\/2023\/12\/coffee-cup-on-white-background--300x300.jpg"},{"@type":"BreadcrumbList","@id":"https:\/\/mundovending.eu\/servicios\/#breadcrumb","itemListElement":[{"@type":"ListItem","position":1,"name":"Portada","item":"https:\/\/mundovending.eu\/"},{"@type":"ListItem","position":2,"name":"Servicios"}]},{"@type":"WebSite","@id":"https:\/\/mundovending.eu\/#website","url":"https:\/\/mundovending.eu\/","name":"Mundo Vending","description":"Instalaci\u00f3n de maquinas expendedoras autom\u00e1ticas","publisher":{"@id":"https:\/\/mundovending.eu\/#organization"},"potentialAction":[{"@type":"SearchAction","target":{"@type":"EntryPoint","urlTemplate":"https:\/\/mundovending.eu\/?s={search_term_string}"},"query-input":{"@type":"PropertyValueSpecification","valueRequired":true,"valueName":"search_term_string"}}],"inLanguage":"eu"},{"@type":"Organization","@id":"https:\/\/mundovending.eu\/#organization","name":"Mundo Vending","url":"https:\/\/mundovending.eu\/","logo":{"@type":"ImageObject","inLanguage":"eu","@id":"https:\/\/mundovending.eu\/#\/schema\/logo\/image\/","url":"https:\/\/mundovending.eu\/wp-content\/uploads\/2023\/12\/cropped-Logotipo-mundo-SIVA.jpg","contentUrl":"https:\/\/mundovending.eu\/wp-content\/uploads\/2023\/12\/cropped-Logotipo-mundo-SIVA.jpg","width":776,"height":329,"caption":"Mundo Vending"},"image":{"@id":"https:\/\/mundovending.eu\/#\/schema\/logo\/image\/"}}]}},"_links":{"self":[{"href":"https:\/\/mundovending.eu\/eus\/wp-json\/wp\/v2\/pages\/17","targetHints":{"allow":["GET"]}}],"collection":[{"href":"https:\/\/mundovending.eu\/eus\/wp-json\/wp\/v2\/pages"}],"about":[{"href":"https:\/\/mundovending.eu\/eus\/wp-json\/wp\/v2\/types\/page"}],"author":[{"embeddable":true,"href":"https:\/\/mundovending.eu\/eus\/wp-json\/wp\/v2\/users\/1"}],"replies":[{"embeddable":true,"href":"https:\/\/mundovending.eu\/eus\/wp-json\/wp\/v2\/comments?post=17"}],"version-history":[{"count":97,"href":"https:\/\/mundovending.eu\/eus\/wp-json\/wp\/v2\/pages\/17\/revisions"}],"predecessor-version":[{"id":1190,"href":"https:\/\/mundovending.eu\/eus\/wp-json\/wp\/v2\/pages\/17\/revisions\/1190"}],"wp:attachment":[{"href":"https:\/\/mundovending.eu\/eus\/wp-json\/wp\/v2\/media?parent=17"}],"curies":[{"name":"wp","href":"https:\/\/api.w.org\/{rel}","templated":true}]}}